{"id":1742,"date":"2023-09-29T12:20:18","date_gmt":"2023-09-29T09:20:18","guid":{"rendered":"https:\/\/infokiosk.kadrina-kool.edu.ee\/?page_id=1742"},"modified":"2026-01-19T11:28:34","modified_gmt":"2026-01-19T09:28:34","slug":"11-2","status":"publish","type":"page","link":"https:\/\/infokiosk.kadrina-kool.edu.ee\/?page_id=1742","title":{"rendered":"11"},"content":{"rendered":"\t\t<div data-elementor-type=\"wp-page\" data-elementor-id=\"1742\" class=\"elementor elementor-1742\">\n\t\t\t\t\t\t\t\t\t<section class=\"elementor-section elementor-top-section elementor-element elementor-element-1bc46cb elementor-section-boxed elementor-section-height-default elementor-section-height-default\" data-id=\"1bc46cb\" data-element_type=\"section\">\n\t\t\t\t\t\t<div class=\"elementor-container elementor-column-gap-default\">\n\t\t\t\t\t<div class=\"elementor-column elementor-col-100 elementor-top-column elementor-element elementor-element-164bf6c\" data-id=\"164bf6c\" data-element_type=\"column\">\n\t\t\t<div class=\"elementor-widget-wrap elementor-element-populated\">\n\t\t\t\t\t\t\t\t<div class=\"elementor-element elementor-element-6b6472b elementor-align-center elementor-widget elementor-widget-button\" data-id=\"6b6472b\" data-element_type=\"widget\" data-widget_type=\"button.default\">\n\t\t\t\t<div class=\"elementor-widget-container\">\n\t\t\t\t\t<div class=\"elementor-button-wrapper\">\n\t\t\t<a class=\"elementor-button elementor-button-link elementor-size-lg\" href=\"https:\/\/infokiosk.kadrina-kool.edu.ee\/\">\n\t\t\t\t\t\t<span class=\"elementor-button-content-wrapper\">\n\t\t\t\t\t\t<span class=\"elementor-button-icon elementor-align-icon-left\">\n\t\t\t\t<i aria-hidden=\"true\" class=\"fas fa-long-arrow-alt-left\"><\/i>\t\t\t<\/span>\n\t\t\t\t\t\t<span class=\"elementor-button-text\">TAGASI AVALEHELE<\/span>\n\t\t<\/span>\n\t\t\t\t\t<\/a>\n\t\t<\/div>\n\t\t\t\t<\/div>\n\t\t\t\t<\/div>\n\t\t\t\t\t<\/div>\n\t\t<\/div>\n\t\t\t\t\t\t\t<\/div>\n\t\t<\/section>\n\t\t\t\t<section class=\"elementor-section elementor-top-section elementor-element elementor-element-26dac38e elementor-section-boxed elementor-section-height-default elementor-section-height-default\" data-id=\"26dac38e\" data-element_type=\"section\">\n\t\t\t\t\t\t<div class=\"elementor-container elementor-column-gap-default\">\n\t\t\t\t\t<div class=\"elementor-column elementor-col-100 elementor-top-column elementor-element elementor-element-6c221e8b\" data-id=\"6c221e8b\" data-element_type=\"column\">\n\t\t\t<div class=\"elementor-widget-wrap elementor-element-populated\">\n\t\t\t\t\t\t\t\t<div class=\"elementor-element elementor-element-5d1c55d3 elementor-widget elementor-widget-text-editor\" data-id=\"5d1c55d3\" data-element_type=\"widget\" data-widget_type=\"text-editor.default\">\n\t\t\t\t<div class=\"elementor-widget-container\">\n\t\t\t<style>\/*! elementor - v3.18.0 - 20-12-2023 *\/\n.elementor-widget-text-editor.elementor-drop-cap-view-stacked .elementor-drop-cap{background-color:#69727d;color:#fff}.elementor-widget-text-editor.elementor-drop-cap-view-framed .elementor-drop-cap{color:#69727d;border:3px solid;background-color:transparent}.elementor-widget-text-editor:not(.elementor-drop-cap-view-default) .elementor-drop-cap{margin-top:8px}.elementor-widget-text-editor:not(.elementor-drop-cap-view-default) .elementor-drop-cap-letter{width:1em;height:1em}.elementor-widget-text-editor .elementor-drop-cap{float:left;text-align:center;line-height:1;font-size:50px}.elementor-widget-text-editor .elementor-drop-cap-letter{display:inline-block}<\/style>\t\t\t\t<h1>11HUSO<\/h1><table><tbody><tr><td>P\u00e4ev<\/td><td>1.<\/td><td>2.<\/td><td>3.<\/td><td>4.<\/td><td>5.<\/td><td>6.<\/td><td>7.<\/td><td>8.<\/td><td>9.<\/td><\/tr><tr><td rowspan=\"2\">Es<\/td><td>\u00a0<\/td><td>T\u00f5en.teooria<br \/>M.Muravkina, R.Olev<br \/>C209<\/td><td rowspan=\"2\">Kult.lugu<br \/>M.Sikk<br \/>B211<\/td><td rowspan=\"2\">Kirj<br \/>M.Lillem\u00e4gi, E.Abner<br \/>C210, C212<\/td><td rowspan=\"2\">F\u00fc\u00fcs<br \/>M.Muravkina<br \/>C207<\/td><td rowspan=\"2\">Kunst<br \/>H.Lahi<br \/>C116<\/td><td rowspan=\"2\">\u00a0<\/td><td rowspan=\"2\">\u00a0<\/td><td rowspan=\"2\">\u00a0<\/td><\/tr><tr><td>T\u00f5en.teooria<br \/>M.Muravkina<br \/>C207<\/td><td>\u00a0<\/td><\/tr><tr><td>Te<\/td><td>Eesti k<br \/>M.Lillem\u00e4gi, E.Abner<br \/>C210, C212<\/td><td>VK \/ SK<br \/>J.Botskova, E.Saaren, L.Uusk\u00fcla, S.Soots<br \/>A103, B212, B110, C117<\/td><td>Muusika<br \/>Kadri Kask<br \/>Muusika 2<\/td><td>Matem<br \/>T.Karri, M.Muravkina, R.Olev<br \/>C306, C209, C207<\/td><td>Matem<br \/>T.Karri, M.Muravkina, R.Olev<br \/>C306, C209, C207<\/td><td>F\u00fc\u00fcs<br \/>M.Muravkina<br \/>C207<\/td><td>Bio<br \/>M.P\u00f5der<br \/>C214<\/td><td>\u00a0<\/td><td>\u00a0<\/td><\/tr><tr><td>Ko<\/td><td>Geo<br \/>K.Kasemets<br \/>C305<\/td><td>Geo<br \/>K.Kasemets<br \/>C305<\/td><td>Matem<br \/>T.Karri, M.Muravkina, R.Olev<br \/>C306, C209, C207<\/td><td>Matem<br \/>T.Karri, M.Muravkina, R.Olev<br \/>C306, C209, C207<\/td><td>Meedia<br \/>R.Sikk<br \/>M C114<\/td><td>Meedia<br \/>R.Sikk<br \/>M C114<\/td><td>Inglise k<br \/>R.Rohtaas, M.Sikk, E.Vahesaar<br \/>B109, B211, A205<\/td><td>Valik:filo<br \/>H.Laiv<br \/>C311<\/td><td>\u00a0<\/td><\/tr><tr><td rowspan=\"2\">Ne<\/td><td rowspan=\"2\">Eesti k<br \/>M.Lillem\u00e4gi, E.Abner<br \/>C210, C212<\/td><td rowspan=\"2\">Kirj<br \/>M.Lillem\u00e4gi, E.Abner<br \/>C210, C212<\/td><td rowspan=\"2\">Valik: IK C1<br \/>M.Sikk, R.Rohtaas, E.Vahesaar<br \/>B109, B211, A205<\/td><td rowspan=\"2\">Ajalugu<br \/>H.Laiv<br \/>C311<\/td><td rowspan=\"2\">Tekst<br \/>E.Abner, M.Lillem\u00e4gi<br \/>C210, C212<\/td><td rowspan=\"2\">Vene k<br \/>J.Botskova, E.Saaren, L.Uusk\u00fcla<br \/>A103, B212, B110<\/td><td>Keh.kasv<br \/>J.Rummi, J.Holmberg<\/td><td>Keh.kasv<br \/>J.Rummi, J.Holmberg<\/td><td rowspan=\"2\">\u00a0<\/td><\/tr><tr><td>VEljl<\/td><td>VEljl<\/td><\/tr><tr><td>Re<\/td><td>Ajalugu<br \/>H.Laiv<br \/>C311<\/td><td>Bio<br \/>M.P\u00f5der<br \/>C214<\/td><td>G\u00fcmn.info<br \/>E.Abner, M.Lillem\u00e4gi, S.Ojasalu, R.Rohtaas, A.M\u00fcnter, M.Lillepea, E.Tiiter<br \/>C210, C212, B216, B109, M C114, C315, C313<\/td><td>Inglise k<br \/>R.Rohtaas, M.Sikk, E.Vahesaar<br \/>B109, B211, A205<\/td><td>Inglise k<br \/>R.Rohtaas, M.Sikk, E.Vahesaar<br \/>B109, B211, A205<\/td><td>PUT alused<br \/>M.Lillem\u00e4gi, E.Tiiter, H.Valdmets<br \/>M C114, A3 A208, C212, C313<\/td><td>Valik:rahvat<br \/>E.Abner<\/td><td>\u00a0<\/td><td>\u00a0<\/td><\/tr><\/tbody><\/table><h1>11INTE<\/h1><table><tbody><tr><td>P\u00e4ev<\/td><td>1.<\/td><td>2.<\/td><td>3.<\/td><td>4.<\/td><td>5.<\/td><td>6.<\/td><td>7.<\/td><td>8.<\/td><td>9.<\/td><\/tr><tr><td rowspan=\"2\">Es<\/td><td>\u00a0<\/td><td>T\u00f5en.teooria<br \/>M.Muravkina, R.Olev<br \/>C209<\/td><td rowspan=\"2\">Prog.rob<br \/>H.Bremen<br \/>C206<\/td><td rowspan=\"2\">Kirj<br \/>M.Lillem\u00e4gi, E.Abner<br \/>C210, C212<\/td><td rowspan=\"2\">Joonest<br \/>H.Bremen<br \/>C206<\/td><td rowspan=\"2\">F\u00fc\u00fcs<br \/>M.Muravkina<br \/>C207<\/td><td rowspan=\"2\">Muusika<br \/>Kadri Kask<br \/>Muusika 2<\/td><td>\u00a0<\/td><td>\u00a0<\/td><\/tr><tr><td>T\u00f5en.teooria<br \/>M.Muravkina<br \/>C207<\/td><td>\u00a0<\/td><td>CAD<br \/>H.Bremen<br \/>ML A200<\/td><td>CAD<br \/>H.Bremen<br \/>ML A200<\/td><\/tr><tr><td>Te<\/td><td>Eesti k<br \/>M.Lillem\u00e4gi, E.Abner<br \/>C210, C212<\/td><td>VK \/ SK<br \/>J.Botskova, E.Saaren, L.Uusk\u00fcla, S.Soots<br \/>A103, B212, B110, C117<\/td><td>F\u00fc\u00fcs<br \/>M.Muravkina<br \/>C207<\/td><td>Matem<br \/>T.Karri, M.Muravkina, R.Olev<br \/>C306, C209, C207<\/td><td>Matem<br \/>T.Karri, M.Muravkina, R.Olev<br \/>C306, C209, C207<\/td><td>Keh.kasv<br \/>J.Rummi, \u00dc.Kink<\/td><td>Keh.kasv<br \/>J.Rummi, \u00dc.Kink<\/td><td>\u00a0<\/td><td>\u00a0<\/td><\/tr><tr><td rowspan=\"2\">Ko<\/td><td rowspan=\"2\">Keemia<br \/>L.Leinmets<br \/>C303<\/td><td rowspan=\"2\">Ajalugu<br \/>H.Laiv<br \/>C311<\/td><td rowspan=\"2\">Matem<br \/>T.Karri, M.Muravkina, R.Olev<br \/>C306, C209, C207<\/td><td rowspan=\"2\">Matem<br \/>T.Karri, M.Muravkina, R.Olev<br \/>C306, C209, C207<\/td><td rowspan=\"2\">Bio<br \/>S.Pung<br \/>B112<\/td><td rowspan=\"2\">Bio<br \/>S.Pung<br \/>B112<\/td><td rowspan=\"2\">Inglise k<br \/>R.Rohtaas, M.Sikk, E.Vahesaar<br \/>B109, B211, A205<\/td><td>CAD<br \/>H.Bremen<br \/>ML A200<\/td><td>CAD<br \/>H.Bremen<br \/>ML A200<\/td><\/tr><tr><td>Valik:filo<br \/>H.Laiv<br \/>C311<\/td><td>\u00a0<\/td><\/tr><tr><td rowspan=\"2\">Ne<\/td><td rowspan=\"2\">Eesti k<br \/>M.Lillem\u00e4gi, E.Abner<br \/>C210, C212<\/td><td rowspan=\"2\">Kirj<br \/>M.Lillem\u00e4gi, E.Abner<br \/>C210, C212<\/td><td rowspan=\"2\">Valik: IK C1<br \/>M.Sikk, R.Rohtaas, E.Vahesaar<br \/>B109, B211, A205<\/td><td rowspan=\"2\">Keemia<br \/>L.Leinmets<br \/>C303<\/td><td rowspan=\"2\">Tekst<br \/>E.Abner, M.Lillem\u00e4gi<br \/>C210, C212<\/td><td rowspan=\"2\">Vene k<br \/>J.Botskova, E.Saaren, L.Uusk\u00fcla<br \/>A103, B212, B110<\/td><td>Rahv.proj<br \/>M.Sikk<br \/>M C114<\/td><td rowspan=\"2\">\u00a0<\/td><td rowspan=\"2\">\u00a0<\/td><\/tr><tr><td>\u00a0<\/td><\/tr><tr><td>Re<\/td><td>Kunst<br \/>H.Lahi<br \/>C116<\/td><td>Ajalugu<br \/>H.Laiv<br \/>C311<\/td><td>G\u00fcmn.info<br \/>E.Abner, M.Lillem\u00e4gi, S.Ojasalu, R.Rohtaas, A.M\u00fcnter, M.Lillepea, E.Tiiter<br \/>C210, C212, B216, B109, M C114, C315, C313<\/td><td>Inglise k<br \/>R.Rohtaas, M.Sikk, E.Vahesaar<br \/>B109, B211, A205<\/td><td>Inglise k<br \/>R.Rohtaas, M.Sikk, E.Vahesaar<br \/>B109, B211, A205<\/td><td>PUT alused<br \/>M.Lillem\u00e4gi, E.Tiiter, H.Valdmets<br \/>M C114, A3 A208, C212, C313<\/td><td>Valik:rahvat<br \/>E.Abner<\/td><td>\u00a0<\/td><td>\u00a0<\/td><\/tr><\/tbody><\/table><h1>11LOTE<\/h1><table><tbody><tr><td>P\u00e4ev<\/td><td>1.<\/td><td>2.<\/td><td>3.<\/td><td>4.<\/td><td>5.<\/td><td>6.<\/td><td>7.<\/td><td>8.<\/td><td>9.<\/td><\/tr><tr><td rowspan=\"2\">Es<\/td><td>\u00a0<\/td><td>T\u00f5en.teooria<br \/>M.Muravkina, R.Olev<br \/>C209<\/td><td rowspan=\"2\">And.geo LOTE<br \/>K.Kasemets<br \/>C305<\/td><td rowspan=\"2\">Kirj<br \/>M.Lillem\u00e4gi, E.Abner<br \/>C210, C212<\/td><td rowspan=\"2\">And.geo LOTE<br \/>K.Kasemets<br \/>C305<\/td><td rowspan=\"2\">F\u00fc\u00fcs<br \/>M.Muravkina<br \/>C207<\/td><td rowspan=\"2\">Muusika<br \/>Kadri Kask<br \/>Muusika 2<\/td><td rowspan=\"2\">\u00a0<\/td><td rowspan=\"2\">\u00a0<\/td><\/tr><tr><td>T\u00f5en.teooria<br \/>M.Muravkina<br \/>C207<\/td><td>\u00a0<\/td><\/tr><tr><td>Te<\/td><td>Eesti k<br \/>M.Lillem\u00e4gi, E.Abner<br \/>C210, C212<\/td><td>VK \/ SK<br \/>J.Botskova, E.Saaren, L.Uusk\u00fcla, S.Soots<br \/>A103, B212, B110, C117<\/td><td>F\u00fc\u00fcs<br \/>M.Muravkina<br \/>C207<\/td><td>Matem<br \/>T.Karri, M.Muravkina, R.Olev<br \/>C306, C209, C207<\/td><td>Matem<br \/>T.Karri, M.Muravkina, R.Olev<br \/>C306, C209, C207<\/td><td>Keh.kasv<br \/>J.Rummi, \u00dc.Kink<\/td><td>Keh.kasv<br \/>J.Rummi, \u00dc.Kink<\/td><td>\u00a0<\/td><td>\u00a0<\/td><\/tr><tr><td>Ko<\/td><td>Keemia<br \/>L.Leinmets<br \/>C303<\/td><td>Ajalugu<br \/>H.Laiv<br \/>C311<\/td><td>Matem<br \/>T.Karri, M.Muravkina, R.Olev<br \/>C306, C209, C207<\/td><td>Matem<br \/>T.Karri, M.Muravkina, R.Olev<br \/>C306, C209, C207<\/td><td>Bio<br \/>S.Pung<br \/>B112<\/td><td>Bio<br \/>S.Pung<br \/>B112<\/td><td>Inglise k<br \/>R.Rohtaas, M.Sikk, E.Vahesaar<br \/>B109, B211, A205<\/td><td>\u00a0<\/td><td>\u00a0<\/td><\/tr><tr><td rowspan=\"3\">Ne<\/td><td rowspan=\"3\">Eesti k<br \/>M.Lillem\u00e4gi, E.Abner<br \/>C210, C212<\/td><td rowspan=\"3\">Kirj<br \/>M.Lillem\u00e4gi, E.Abner<br \/>C210, C212<\/td><td rowspan=\"3\">Valik: IK C1<br \/>M.Sikk, R.Rohtaas, E.Vahesaar<br \/>B109, B211, A205<\/td><td rowspan=\"3\">Keemia<br \/>L.Leinmets<br \/>C303<\/td><td rowspan=\"3\">Tekst<br \/>E.Abner, M.Lillem\u00e4gi<br \/>C210, C212<\/td><td rowspan=\"3\">Vene k<br \/>J.Botskova, E.Saaren, L.Uusk\u00fcla<br \/>A103, B212, B110<\/td><td>Saksa k<br \/>S.Soots<br \/>C117<\/td><td rowspan=\"3\">\u00a0<\/td><td rowspan=\"3\">\u00a0<\/td><\/tr><tr><td>Rahv.proj<br \/>M.Sikk<br \/>M C114<\/td><\/tr><tr><td>\u00a0<\/td><\/tr><tr><td rowspan=\"2\">Re<\/td><td rowspan=\"2\">Kunst<br \/>H.Lahi<br \/>C116<\/td><td rowspan=\"2\">Ajalugu<br \/>H.Laiv<br \/>C311<\/td><td rowspan=\"2\">G\u00fcmn.info<br \/>E.Abner, M.Lillem\u00e4gi, S.Ojasalu, R.Rohtaas, A.M\u00fcnter, M.Lillepea, E.Tiiter<br \/>C210, C212, B216, B109, M C114, C315, C313<\/td><td rowspan=\"2\">Inglise k<br \/>R.Rohtaas, M.Sikk, E.Vahesaar<br \/>B109, B211, A205<\/td><td rowspan=\"2\">Inglise k<br \/>R.Rohtaas, M.Sikk, E.Vahesaar<br \/>B109, B211, A205<\/td><td>PUT alused<br \/>M.Lillem\u00e4gi, E.Tiiter, H.Valdmets<br \/>M C114, A3 A208, C212, C313<\/td><td rowspan=\"2\">Valik:rahvat<br \/>E.Abner<\/td><td rowspan=\"2\">\u00a0<\/td><td rowspan=\"2\">\u00a0<\/td><\/tr><tr><td>Valik:rahvat<br \/>E.Abner<\/td><\/tr><\/tbody><\/table><p>\u00a0<\/p>\t\t\t\t\t\t<\/div>\n\t\t\t\t<\/div>\n\t\t\t\t\t<\/div>\n\t\t<\/div>\n\t\t\t\t\t\t\t<\/div>\n\t\t<\/section>\n\t\t\t\t<section class=\"elementor-section elementor-top-section elementor-element elementor-element-84faf6a elementor-section-boxed elementor-section-height-default elementor-section-height-default\" data-id=\"84faf6a\" data-element_type=\"section\">\n\t\t\t\t\t\t<div class=\"elementor-container elementor-column-gap-default\">\n\t\t\t\t\t<div class=\"elementor-column elementor-col-100 elementor-top-column elementor-element elementor-element-a92addd\" data-id=\"a92addd\" data-element_type=\"column\">\n\t\t\t<div class=\"elementor-widget-wrap\">\n\t\t\t\t\t\t\t\t\t<\/div>\n\t\t<\/div>\n\t\t\t\t\t\t\t<\/div>\n\t\t<\/section>\n\t\t\t\t\t\t\t<\/div>\n\t\t","protected":false},"excerpt":{"rendered":"<p>TAGASI AVALEHELE 11HUSO P\u00e4ev 1. 2. 3. 4. 5. 6. 7. 8. 9. Es \u00a0 T\u00f5en.teooriaM.Muravkina, R.OlevC209 Kult.luguM.SikkB211 KirjM.Lillem\u00e4gi, E.AbnerC210, C212 F\u00fc\u00fcsM.MuravkinaC207 KunstH.LahiC116 \u00a0 \u00a0 \u00a0 T\u00f5en.teooriaM.MuravkinaC207 \u00a0 Te Eesti kM.Lillem\u00e4gi, E.AbnerC210, C212 VK \/ SKJ.Botskova, E.Saaren, L.Uusk\u00fcla, S.SootsA103, B212, B110, C117 MuusikaKadri KaskMuusika 2 MatemT.Karri, M.Muravkina, R.OlevC306, C209, C207 MatemT.Karri, M.Muravkina, R.OlevC306, C209, C207 &hellip;<\/p>\n<p class=\"read-more\"> <a class=\"\" href=\"https:\/\/infokiosk.kadrina-kool.edu.ee\/?page_id=1742\"> <span class=\"screen-reader-text\">11<\/span> Read More &raquo;<\/a><\/p>\n","protected":false},"author":2,"featured_media":0,"parent":0,"menu_order":0,"comment_status":"closed","ping_status":"closed","template":"elementor_canvas","meta":{"_uag_custom_page_level_css":"","site-sidebar-layout":"default","site-content-layout":"","ast-site-content-layout":"","site-content-style":"default","site-sidebar-style":"default","ast-global-header-display":"","ast-banner-title-visibility":"","ast-main-header-display":"","ast-hfb-above-header-display":"","ast-hfb-below-header-display":"","ast-hfb-mobile-header-display":"","site-post-title":"","ast-breadcrumbs-content":"","ast-featured-img":"","footer-sml-layout":"","theme-transparent-header-meta":"","adv-header-id-meta":"","stick-header-meta":"","header-above-stick-meta":"","header-main-stick-meta":"","header-below-stick-meta":"","astra-migrate-meta-layouts":"","ast-page-background-enabled":"default","ast-page-background-meta":{"desktop":{"background-color":"var(--ast-global-color-4)","background-image":"","background-repeat":"repeat","background-position":"center center","background-size":"auto","background-attachment":"scroll","background-type":"","background-media":"","overlay-type":"","overlay-color":"","overlay-gradient":""},"tablet":{"background-color":"","background-image":"","background-repeat":"repeat","background-position":"center center","background-size":"auto","background-attachment":"scroll","background-type":"","background-media":"","overlay-type":"","overlay-color":"","overlay-gradient":""},"mobile":{"background-color":"","background-image":"","background-repeat":"repeat","background-position":"center center","background-size":"auto","background-attachment":"scroll","background-type":"","background-media":"","overlay-type":"","overlay-color":"","overlay-gradient":""}},"ast-content-background-meta":{"desktop":{"background-color":"var(--ast-global-color-5)","background-image":"","background-repeat":"repeat","background-position":"center center","background-size":"auto","background-attachment":"scroll","background-type":"","background-media":"","overlay-type":"","overlay-color":"","overlay-gradient":""},"tablet":{"background-color":"var(--ast-global-color-5)","background-image":"","background-repeat":"repeat","background-position":"center center","background-size":"auto","background-attachment":"scroll","background-type":"","background-media":"","overlay-type":"","overlay-color":"","overlay-gradient":""},"mobile":{"background-color":"var(--ast-global-color-5)","background-image":"","background-repeat":"repeat","background-position":"center center","background-size":"auto","background-attachment":"scroll","background-type":"","background-media":"","overlay-type":"","overlay-color":"","overlay-gradient":""}},"footnotes":""},"class_list":["post-1742","page","type-page","status-publish","hentry"],"uagb_featured_image_src":{"full":false,"thumbnail":false,"medium":false,"medium_large":false,"large":false,"1536x1536":false,"2048x2048":false},"uagb_author_info":{"display_name":"Helen Vagen","author_link":"https:\/\/infokiosk.kadrina-kool.edu.ee\/?author=2"},"uagb_comment_info":0,"uagb_excerpt":"TAGASI AVALEHELE 11HUSO P\u00e4ev 1. 2. 3. 4. 5. 6. 7. 8. 9. Es \u00a0 T\u00f5en.teooriaM.Muravkina, R.OlevC209 Kult.luguM.SikkB211 KirjM.Lillem\u00e4gi, E.AbnerC210, C212 F\u00fc\u00fcsM.MuravkinaC207 KunstH.LahiC116 \u00a0 \u00a0 \u00a0 T\u00f5en.teooriaM.MuravkinaC207 \u00a0 Te Eesti kM.Lillem\u00e4gi, E.AbnerC210, C212 VK \/ SKJ.Botskova, E.Saaren, L.Uusk\u00fcla, S.SootsA103, B212, B110, C117 MuusikaKadri KaskMuusika 2 MatemT.Karri, M.Muravkina, R.OlevC306, C209, C207 MatemT.Karri, M.Muravkina, R.OlevC306, C209, C207&hellip;","_links":{"self":[{"href":"https:\/\/infokiosk.kadrina-kool.edu.ee\/index.php?rest_route=\/wp\/v2\/pages\/1742","targetHints":{"allow":["GET"]}}],"collection":[{"href":"https:\/\/infokiosk.kadrina-kool.edu.ee\/index.php?rest_route=\/wp\/v2\/pages"}],"about":[{"href":"https:\/\/infokiosk.kadrina-kool.edu.ee\/index.php?rest_route=\/wp\/v2\/types\/page"}],"author":[{"embeddable":true,"href":"https:\/\/infokiosk.kadrina-kool.edu.ee\/index.php?rest_route=\/wp\/v2\/users\/2"}],"replies":[{"embeddable":true,"href":"https:\/\/infokiosk.kadrina-kool.edu.ee\/index.php?rest_route=%2Fwp%2Fv2%2Fcomments&post=1742"}],"version-history":[{"count":31,"href":"https:\/\/infokiosk.kadrina-kool.edu.ee\/index.php?rest_route=\/wp\/v2\/pages\/1742\/revisions"}],"predecessor-version":[{"id":3931,"href":"https:\/\/infokiosk.kadrina-kool.edu.ee\/index.php?rest_route=\/wp\/v2\/pages\/1742\/revisions\/3931"}],"wp:attachment":[{"href":"https:\/\/infokiosk.kadrina-kool.edu.ee\/index.php?rest_route=%2Fwp%2Fv2%2Fmedia&parent=1742"}],"curies":[{"name":"wp","href":"https:\/\/api.w.org\/{rel}","templated":true}]}}